
-119
-77 - (-2 + 8 - 31 - -13) - (1 - 4)
-62
Calculate -236 + 249 + (14 - 4) + -6.
17
77 - 33 - (9 - -18)
17
Calculate -3 - (3368 - 3232 - ((-1 - -14) + (2 - 1))).
-125
4 + -14 + -44 + 2
-52
What is 62 + (-41 - (-7 - -43))?
-15
What is -18 + -41 + 19 + 47 + 22?
29
Evaluate (96 - 211) + 109 - 50.
-56
-11 + (-34 - -4 - -41 - (3 - 6))
3
Calculate 27 - 102 - (-26 + -29).
-20
What is -23 - (-6 - (6 + -10 - (16 - (-3 - -11))))?
-29
Evaluate (-213 - -213 - 17) + (1 - -23).
7
Calculate (-15 - (-7 + 0 + 0)) + -5 + 93 + -1.
79
-1 + 180 + -48 + -9 + (-12 - 0)
110
Evaluate 8 + 1 + 299 + -350.
-42
Calculate 2 + -1 - 7 - (-469 - -471) - 34.
-42
Calculate 59 + -36 + 21 + -4.
40
What is 4 - 2 - (-10 - 8 - 17)?
37
Calculate 50 + -49 + -48 - -59.
12
Evaluate -759 + 833 + (-2 - -48).
120
Calculate 29 - (2 - (53 + -63)).
17
What is the value of 22 + (18 - 28) + 6 + 1 + -11?
8
70 + -1 - (2913 - 2880)
36
What is the value of -1 + 5 + -36 + (-75 + 104 - (36 + -8))?
-31
Calculate -13 + -33 + 22 - (15 - 26).
-13
Calculate 46 + -5 - 125 - -119.
35
What is the value of 11 - (1 - -14) - (-2 - 62 - -5)?
55
Calculate -61 - (125 + -202 + 55).
-39
What is the value of -13 - 0 - (-95 - -95) - -40?
27
Evaluate (106 - 95) + -6 + -69 - -6.
-58
What is the value of (-34 - -93 - 73) + 1 + -9 + 132?
110
Evaluate -54 + 31 - -37 - -20 - 14.
20
-5 + 9 + 28 - (28 - 24)
28
Evaluate -2 + -21 - -9 - -5 - (0 + -17).
8
(-67 + 19 - -53 - (-1 + 2 + -6)) + -44
-34
Evaluate 34 + -32 + -42 + 47.
7
-2 + 11 - 5 - 4 - (-71 - -37)
34
Calculate 229 + -192 + (-7 - -10).
40
What is the value of (35 - (28 - 15) - -50) + (5 - 7)?
70
Evaluate -6 + 7 + 35 + (-8 + 10 - 8).
30
What is -12 - (57 + 13 + (-29 - 13))?
-40
Evaluate (-763 - -819 - (-1 - -40)) + (1 - 89).
-71
Calculate (-46 - 1) + (52 + 36 - 85).
-44
What is -97 + 87 + 40 + -71?
-41
Calculate -6 + 11 + -1 + (-3 - (3 + -2)) + 47.
47
What is the value of 5 + -11 + 3 + 32 + -54?
-25
Calculate 7 - (20 + (-11 - 27) + 12 + -22).
35
What is the value of (8 + -1 - 5) + -1 + -7 - (-527 - -409)?
112
What is the value of 74 + 1 + 25 + (23 - 27) + (-12 - -5)?
89
What is the value of -128 + 180 + -217 - -238?
73
What is the value of -53 + 82 + -42 + -22 + 124?
89
Calculate 1068 - 1008 - (-2 - -24 - -4).
34
What is 44 - ((-73 - -61) + -4 + 1)?
59
Evaluate 0 + -4 + 1179 + -1195 + -50.
-70
What is the value of -1 + 24 + (10 - 24) - 9 - -44?
44
What is the value of 108 + (-454 - -448 - (2 + 24))?
76
Calculate -132 + 53 - -82 - 29.
-26
What is (4 - -2) + 32 + -12 + -25 - 13?
-12
What is -7 - ((38 - 44) + (-4 + 9 - -4))?
-10
What is the value of (16 - 0) + 19 + -51 + 50 + 3?
37
Calculate (2 - (-1 + (9 - 10)) - 6) + (-21 - 14).
-37
Calculate -2 + 96 + (-31 - -59) + -35.
87
(1 - -2) + (-28 + 56 - 15)
16
Evaluate 76 + -15 - 80 - 83.
-102
Evaluate (79 - 39) + (-6 - (0 - 21) - 7).
48
Calculate -24 - (25 + (-10 - (39 - -94))).
94
What is (-113 - (-4 + (18 - 6))) + 28 + 6 + -28?
-115
3 + 5 + 1 + -12 + -2
-5
What is 15 - 3 - (8 - (-95 + (9 - -9) + -20))?
-93
What is (-47 - (-9 - (-18 - -10))) + 9?
-37
Calculate (-35 + 8 + 36 - (-3 + 75)) + 6.
-57
Calculate 59 + -44 + (-12 - 58).
-55
-5 + (15 + 50 - 22)
38
-117 - -143 - (-18 + -1 + -2)
47
(-23 - -23) + (-6 - (2 + (-3 - (0 + 75))))
70
Calculate (18 - -55) + -8 + -9 + 0 + 3 + 4.
63
Evaluate (1580 - 1491) + 3 + -115.
-23
81 + (0 - 64) + 14 + 11
42
What is 1 + -1 + 23 + -14 - 16?
-7
-24 + (-22 - (-36 + 20)) - 30
-60
Calculate 16 - (-28 + (4 - (-15 - -1))).
26
What is -2 - ((31 - 16) + (-19 + 16 - 36))?
22
What is the value of (-346 - -380) + (3 - 36)?
1
Calculate -20 + (3 - (4 + 31)) + 21.
-31
Evaluate (86 - 122) + -25 - (2 - 1).
-62
Calculate -61 - (3 - 7 - 7).
-50
Evaluate (-3 - 22) + (0 - (3 + -22)) + -30.
-36
What is the value of (27 + -56 - 3) + 27 - (-19 - -1)?
13
What is 3 + -12 + -2 - (2171 - 2103)?
-79
What is -27 + (-1 + -20 - (-129 + 101))?
-20
1 - 32 - (12 - (54 + -20))
-9
-77 + 90 + (15 - 36) + -2 + 2
-8
What is the value of (-6 + -3 - 2) + -14 + 4 + 39?
18
What is the value of 2 + -5 + 5 + -13 - (18 - (-21 + 29))?
-21
Calculate -86 - (-13 + -76 + -103).
106
-1 - -95 - (-20 + 22 - (18 + -7))
103
21 + (-5 - 4) - (-5 + -8 + -5 + 70)
-40
What is (-26 - -4 - (-5 + -8) - 4 - -41) + -9?
19
What is (-6 - (-44 - -20) - 21) + 79?
76
Calculate -10 - 13 - (2 + -15) - 7.
-17
Calculate -25 + (21 + -32 + 11 - -6).
-19
Evaluate (32 - (96 - 84)) + -44.
-24
Evaluate -55 + (19 - 13) + -15 + 3.
-61
What is 4987 + -5158 - (-39 - -4 - 1)?
-135
(-54 - (11 + -64)) + -11
-12
Calculate 22 + 10 + -22 + (55 - (0 + 3)).
62
Evaluate 16 + ((-22 - 0) + 10 - (-4 - 7)) - 6.
9
2 + 11 - (10 + 5 + (-4 - -36) + 30)
-64
Calculate -7 + 14 + 3 + -4 + (130 - 138) + -25.
-27
What is 5 + 1 + 2 + -1 + 1 + 2185 + -2255?
-62
(2 + -20 - (-26 - -23) - -5) + (-67 - -44)
-33
21 + (92 - (-35 + 200))
-52
What is -21 + 10 + 1 + 5 + 21?
16
22 + -138 + 139 + -46
-23
What is the value of -19 - (22 + (14 - 17)) - 17?
-55
100 - 88 - ((82 - 51) + 1 + 3)
-23
What is the value of (69 - 65) + (0 + 0 + 60 - (-28 - -30))?
62
What is 589 + -192 - 446 - (100 - 1)?
-148
Calculate -16 + (-3 - ((-5 - -8) + -10)) - (202 + -90).
-124
-42 + -3 + 18 + 0
-27
Calculate (1 - 3) + 0 + -25 + 580 + -589.
-36
-1 + 6 - ((372 - 118) + -157)
-92
What is (6 - ((14 - (1 - -13)) + -4)) + -13 + -87?
-90
What is the value of -106 - (-17 + 12 + 3 + -13 + 4 - -18)?
-113
What is 3 + -7 + -35 + (1 - (-28 - -16))?
-26
What is (2 - 1) + 62 + -1 - (-52 - (-134 + 74))?
54
What is the value of 16 - ((-53 - -30 - -22) + (-5 - 6))?
28
Evaluate -1 + (-17 + 55 - 75).
-38
Evaluate -19 + 36 + (-77 - (22 + -14)).
-68
Calculate -33 + 0 - (2265 - 2276).
-22
What is 5 + (9 - 13 - -5) + (-11 - 5 - -11)?
1
Calculate 45 + (-32 - -42) - 52.
3
(-59 + -1 - ((-4 - -6) + 4)) + (66 - 60)
-60
(-113 - -148) + 3 + -31
7
What is -88 - (35 - (-57 + 133))?
-47
(26 - -3) + (-49 - -65 - (-4 - -9))
40
-4 + 18 + (4 - 1) + (-1675 - -1684)
26
Evaluate 7 + -1 - 8 - (13 - 7 - -6).
-14
What is -82 + (-6 - (3 - (10 + 4 + -4 + 11)))?
-70
What is the value of (7 - (18 - (-2 - (4 + 6)))) + -14?
-37
(214 - 139 - 351) + 154
-122
(-6 - (83 - 119)) + (-28 - 2)
0
25 + (17 - (53 + -65 + 18 + 2))
34
43 - (-34 - (-74 + 43))
46
What is the value of -2 + 12 - (-9 + (23 - 11)) - (-31 - 4)?
42
What is the value of -15 - -31 - (239 + -229)?
6
66 + -2 + (-14 - (6 - -1)) + 9
52
Evaluate -23 + 1 + 47 + -22 + -10.
-7
What is -25 + (12 - (8 + -8 - -16)) + -8?
-37
What is the value of (-30 - 12) + 50 + 51?
59
What is (78 - (130 - 58) - (-3 - (3 + -9))) + -20?
-17
What is the value of (33 - 89) + 54 + (52 - (2 - 3)) + -4?
47
What is (-1 - 3) + 4 - 49 - (1351 - 1349)?
-51
What is -32 + 33 + (-4 - -50) + -24 + 18 + 11?
52
Calculate 37 - (23 + 11 + 7 + 2 + -29).
23
Calculate 2 + 12 + 41 + -85 + 27 - 1.
-4
(2 - -4 - -16) + 1 + 0
23
170 + -45 - (0 - (15 + -34 + 13))
119
0 + 8 - ((41 - 52) + 0)
19
Evaluate 7 + (-37 - -24) + -6 + (3 - -4) + -99.
-104
Calculate (-27 - -42) + -28 - ((3 - 2) + -41).
27
(72 - (-42 - -21)) + -103
-10
Calculate -7 - -78 - (4 + 31 + -14).
50
(150 + (40 - 69) - -14) + -36
99
What is (5 - 0) + 138 + 2 - (19 + -94 + 88)?
132
(3 - (18 - 6)) + 49 + 16 + -30
26
What is (-76 - -70) + -118 + (28 - 13) + (0 - -10)?
-99
What is -72 + (-116 - -209) + -56?
-35
What is the value of -190 + (142 - (0 + 26))?
-74
What is the value of 48 - ((35 - (14 + 14)) + -1 + -11)?
53
What is the value of -30 + 66 + -9 + (-13 - 8)?
6
-1 - 20 - (-14 + 39 - 21)
-25
Evaluate (-65 - -2) + -9987 + 9990.
-60
What is the value of 8 - 2 - -1 - (20 + -3 + -17 - -9)?
-2
-6 - (2 - 5 - 39 - -19)
17
(-1 - ((1 - 0) + -10) - (0 - -2)) + -8
-2
What is the value of (34 - 2) + (22 - (-19 + 42))?
31
What is the value of -12 + 9 - -7 - (55 - 44 - (-77 - -1))?
-83
What is the value of 62 + (-27 - (-9 - 4) - 10)?
38
What is the value of -35 + 4 + -33 + -18 + 63 + 9?
-10
What is 14 - (-24 + (1 - -25)) - 33?
-21
What is the value of -31 + (39 + -1 - 38)?
-31
25 - 3 - (-155 - -156) - 35
-14
Evaluate 262 + -235 - (5 - -1).
21
Calculate -121 + (1 + 30 - -27).
-63
What is -52 - (-47 + 92 - (-2 - -19) - 11)?
-69
Calculate 1 + (-2 - 3) - (530 - 506).
-28
Evaluate (-47 - ((-3 - 3) + 23 + (9 - 21))) + -8.
-60
-4 - (-33 - (0 + -16) - -52)
-39
What is the value of 10 - 31 - (23 - 16)?
-28
What is the valu